t the prime factors of 2780.
2, 5, 139
List the prime factors of 11758.
2, 5879
What are the prime factors of 2694?
2, 3, 449
What are the prime factors of 13393?
59, 227
What are the prime factors of 99972?
2, 3, 2777
List the prime factors of 5273.
5273
What are the prime factors of 1874?
2, 937
List the prime factors of 780.
2, 3, 5, 13
What are the prime factors of 11205?
3, 5, 83
List the prime factors of 17604.
2, 3, 163
List the prime factors of 5990.
2, 5, 599
List the prime factors of 2270.
2, 5, 227
What are the prime factors of 369?
3, 41
What are the prime factors of 3490?
2, 5, 349
List the prime factors of 391.
17, 23
What are the prime factors of 58460?
2, 5, 37, 79
What are the prime factors of 374?
2, 11, 17
What are the prime factors of 1439?
1439
What are the prime factors of 5124?
2, 3, 7, 61
List the prime factors of 63646.
2, 11, 263
List the prime factors of 87439.
11, 7949
What are the prime factors of 143200?
2, 5, 179
List the prime factors of 3947.
3947
What are the prime factors of 107264?
2, 419
What are the prime factors of 5875?
5, 47
What are the prime factors of 6424?
2, 11, 73
List the prime factors of 4915.
5, 983
What are the prime factors of 1689?
3, 563
List the prime factors of 908.
2, 227
What are the prime factors of 6226?
2, 11, 283
List the prime factors of 2013.
3, 11, 61
What are the prime factors of 27399?
3, 9133
What are the prime factors of 47416?
2, 5927
What are the prime factors of 87?
3, 29
List the prime factors of 3171.
3, 7, 151
List the prime factors of 32661.
3, 19, 191
List the prime factors of 1231.
1231
List the prime factors of 1723.
1723
What are the prime factors of 1365?
3, 5, 7, 13
What are the prime factors of 64853?
64853
List the prime factors of 11602.
2, 5801
What are the prime factors of 3924?
2, 3, 109
List the prime factors of 7638.
2, 3, 19, 67
What are the prime factors of 482?
2, 241
List the prime factors of 15047.
41, 367
What are the prime factors of 2949?
3, 983
List the prime factors of 1546.
2, 773
What are the prime factors of 12673?
19, 23, 29
List the prime factors of 424.
2, 53
List the prime factors of 1514.
2, 757
List the prime factors of 10170.
2, 3, 5, 113
List the prime factors of 4923.
3, 547
List the prime factors of 58831.
58831
What are the prime factors of 9656?
2, 17, 71
What are the prime factors of 1433?
1433
List the prime factors of 737.
11, 67
What are the prime factors of 34366?
2, 17183
List the prime factors of 4262.
2, 2131
What are the prime factors of 21433?
21433
List the prime factors of 1279.
1279
List the prime factors of 47631.
3, 15877
What are the prime factors of 563?
563
List the prime factors of 1599.
3, 13, 41
What are the prime factors of 25784?
2, 11, 293
List the prime factors of 75358.
2, 41, 919
List the prime factors of 127307.
61, 2087
List the prime factors of 41372.
2, 10343
List the prime factors of 906.
2, 3, 151
List the prime factors of 1005.
3, 5, 67
What are the prime factors of 10740?
2, 3, 5, 179
List the prime factors of 5360.
2, 5, 67
What are the prime factors of 17467?
17467
What are the prime factors of 24952?
2, 3119
What are the prime factors of 1099?
7, 157
What are the prime factors of 1144?
2, 11, 13
What are the prime factors of 4090?
2, 5, 409
List the prime factors of 1006.
2, 503
What are the prime factors of 5326?
2, 2663
What are the prime factors of 37309?
37309
What are the prime factors of 523?
523
What are the prime factors of 903?
3, 7, 43
What are the prime factors of 17583?
3, 5861
List the prime factors of 11082.
2, 3, 1847
What are the prime factors of 1265?
5, 11, 23
What are the prime factors of 1747?
1747
List the prime factors of 790.
2, 5, 79
List the prime factors of 2302.
2, 1151
List the prime factors of 55147.
55147
List the prime factors of 1070.
2, 5, 107
List the prime factors of 1935.
3, 5, 43
What are the prime factors of 24161?
37, 653
What are the prime factors of 5539?
29, 191
List the prime factors of 5003.
5003
What are the prime factors of 57251?
57251
What are the prime factors of 2635?
5, 17, 31
List the prime factors of 1705.
5, 11, 31
What are the prime factors of 1322?
2, 661
List the prime factors of 6335.
5, 7, 181
List the prime factors of 10279.
19, 541
List the prime factors of 25967.
23, 1129
What are the prime factors of 8408?
2, 1051
What are the prime factors of 65?
5, 13
What are the prime factors of 3364?
2, 29
List the prime factors of 8060.
2, 5, 13, 31
What are the prime factors of 2628?
2, 3, 73
List the prime factors of 1729.
7, 13, 19
List the prime factors of 2784.
2, 3, 29
What are the prime factors of 1758?
2, 3, 293
What are the prime factors of 50938?
2, 25469
List the prime factors of 7416.
2, 3, 103
List the prime factors of 674.
2, 337
What are the prime factors of 702?
2, 3, 13
List the prime factors of 22055.
5, 11, 401
What are the prime factors of 11268?
2, 3, 313
What are the prime factors of 3832?
2, 479
List the prime factors of 1493.
1493
What are the prime factors of 1829?
31, 59
List the prime factors of 2800.
2, 5, 7
List the prime factors of 1148.
2, 7, 41
What are the prime factors of 344?
2, 43
List the prime factors of 1513.
17, 89
List the prime factors of 368.
2, 23
List the prime factors of 99309.
3, 7, 4729
What are the prime factors of 6658?
2, 3329
List the prime factors of 620.
2, 5, 31
List the prime factors of 16837.
113, 149
List the prime factors of 11252.
2, 29, 97
What are the prime factors of 5255?
5, 1051
List the prime factors of 20735.
5, 11, 13, 29
What are the prime factors of 2301?
3, 13, 59
List the prime factors of 293.
293
List the prime factors of 2238.
2, 3, 373
List the prime factors of 6659.
6659
List the prime factors of 6024.
2, 3, 251
List the prime factors of 40195.
5, 8039
What are the prime factors of 612?
2, 3, 17
List the prime factors of 19522.
2, 43, 227
What are the prime factors of 6486?
2, 3, 23, 47
What are the prime factors of 1002?
2, 3, 167
What are the prime factors of 2556?
2, 3, 71
What are the prime factors of 5485?
5, 1097
List the prime factors of 30705.
3, 5, 23, 89
What are the prime factors of 643?
643
What are the prime factors of 3653?
13, 281
What are the prime factors of 800?
2, 5
What are the prime factors of 923?
13, 71
What are the prime factors of 3651?
3, 1217
What are the prime factors of 11316?
2, 3, 23, 41
What are the prime factors of 1433?
1433
List the prime factors of 20564.
2, 53, 97
What are the prime factors of 119807?
23, 5209
List the prime factors of 202810.
2, 5, 17, 1193
What are the prime factors of 15140?
2, 5, 757
List the prime factors of 2757.
3, 919
What are the prime factors of 882?
2, 3, 7
List the prime factors of 386.
2, 193
List the prime factors of 152220.
2, 3, 5, 43, 59
List the prime factors of 11634.
2, 3, 7, 277
List the prime factors of 1013.
1013
List the prime factors of 41685.
3, 5, 7, 397
List the prime factors of 14520.
2, 3, 5, 11
List the prime factors of 217.
7, 31
What are the prime factors of 6754?
2, 11, 307
List the prime factors of 943.
23, 41
What are the prime factors of 40054?
2, 7, 2861
List the prime factors of 18272.
2, 571
What are the prime factors of 32724?
2, 3, 101
What are the prime factors of 2336?
2, 73
List the prime factors of 7444.
2, 1861
What are the prime factors of 20393?
20393
What are the prime factors of 566?
2, 283
What are the prime factors of 10367?
7, 1481
What are the prime factors of 1214?
2, 607
What are the prime factors of 1054?
2, 17, 31
What are the prime factors of 1003?
17, 59
What are the prime factors of 11960?
2, 5, 13, 23
List the prime factors of 6188.
2, 7, 13, 17
List the prime factors of 6782.
2, 3391
List the prime factors of 6568.
2, 821
List the prime factors of 50027.
19, 2633
List the prime factors of 92082.
2, 3, 103, 149
What are the prime factors of 2774?
2, 19, 73
What are the prime factors of 1837?
11, 167
List the prime factors of 1108.
2, 277
What are the prime factors of 1058?
2, 23
List the prime factors of 27926.
2, 13963
What are the prime factors of 22182?
2, 3, 3697
List the prime factors of 1104.
2, 3, 23
What are the prime factors of 24414?
2, 3, 13, 313
What are the prime factors of 13573?
7, 277
What are the prime factors of 172457?
37, 59, 79